4))) + 8?
-43
Evaluate -3 - 1 - (4 - (2 - -40 - (29 + -44))).
49
Evaluate (5 - (-6 - -15)) + 34 + (10 - 45) + 87.
82
What is 115 + -1 - (-101 + 143)?
72
Calculate 12 - (17 - (-18 + 19 + 24)).
20
What is 77 + (45 - (-44 + 151))?
15
-4 + (53 - -25) - 36
38
Evaluate 21 + -12 + 32 + 15 + 7.
63
Calculate -2 - 9 - -29 - (-80 + 7).
91
What is -1 - -37 - (95 + -96 + 30)?
7
-19 + -2 + (-2651 - -2655)
-17
Evaluate 29 - (-63 + 86) - -45.
51
What is the value of (17 - 125 - -16) + (19 - 1 - 5)?
-79
116 + -74 + (-74 - -1)
-31
-1632 + 1666 - (-23 - -1)
56
Calculate -6 - (9 + (-1 + 8 - (-9 + 55))).
24
Evaluate (44 - (3 - 3)) + (19 - (-19 + 49)).
33
Evaluate -93 - (-67 - (50 - 60)).
-36
What is the value of -33 + (-151 - -142 - (-14 + 1)) + (-2 - 8)?
-39
What is 38 - (-7 - (3 + 6 + 10 + -20))?
44
-6 - (-9 + (-13 - -10 - 12))
18
What is 14 + 0 + 23 + (28 - 47) + -7 - -95?
106
(-23 - (-21 + 100 + -4)) + 19
-79
Calculate -2 + 16 + 1 - (254 + -281).
42
-73 + (-29 - -105) + 42
45
What is -286 + 319 + 31 + 5?
69
Evaluate 2 - (-10 + 1 + -4 + 47 - -8).
-40
Evaluate (1 + -18 - (-25 + 30)) + 13 + -23 - 2.
-34
What is (2 - (12 + -4 - 12)) + (3 + 8 - -24)?
41
What is the value of (70 + -61 - 3) + 2 + (-46 - 0)?
-38
Evaluate 59 - (-83 + (77 - -41)).
24
Calculate 42 + (7 - (5 + 1)) - ((-5 - -3) + 1).
44
Evaluate -43 - (11 + -77 + 33).
-10
What is the value of 3 + -28 + 45 + -35 + -12 + (2 - 1)?
-26
Calculate (-318 - -313 - ((-1 - 1) + (-34 - -36))) + -42.
-47
What is the value of (27 - (-19 + 86 + -6)) + -44?
-78
What is the value of 16 - 2 - (897 - 892 - (-1 + -2))?
6
What is -83 + (17 - (-79 + 51))?
-38
(-7 - -5) + (55 + -20 - 23) + -23
-13
-9 - (-34 - -37) - 26
-38
Evaluate -8 - 1 - (-12 + (-1 + -15 - -1) + 60).
-42
What is the value of -3 + -81 - -30 - (-9 + -2 - 5)?
-38
What is the value of (-58 - (-36 - -42) - (3 - -16)) + 23?
-60
What is 423 - 494 - (-7 - (-6 + -6) - -2)?
-78
Evaluate (0 - -6 - -16) + (-1183 - -1063).
-98
What is 8 + (-5 + -16 - (1 + -16 + 37))?
-35
What is (-827 - -919) + (-80 - -7)?
19
What is (1099 - 1055) + 32 + -1 - 18?
57
What is the value of (8 - 7 - 36) + 30?
-5
What is the value of -3 + -21 + 41 - (-22 + 10)?
29
-30 + 3 + (56 - (3 + -16))
42
What is 1 - (-6 + -8 + (-2 - -22))?
-5
Calculate (-38 - (66 + -130)) + -3 + -1 + 0 + 3.
25
8 - (-11 + (6 - (-19 + 47)))
41
What is 1626 + -1705 + (2 - -54)?
-23
What is the value of -10 + 0 - ((7 - -8) + (1 - 2) + -8)?
-16
Calculate (-2 - -17) + 887 + -896 + (0 - -15) + 2.
23
What is the value of 85 + -98 + -7 + 0?
-20
What is (-51 - (7 + (1 - -13) - 24)) + 13?
-35
What is (-198 - -173) + (2 - -3) + -1 + -2 + 0?
-23
Evaluate -79 + 2 - (-2 - (-18 + -1) - (133 - 123)).
-84
-87 + (76 - -65) + -12
42
Evaluate (-4 + 71 - 26) + -36.
5
Calculate 5 + 3 + -47 + (-18 - -9).
-48
Evaluate (-153 - -38) + 6 + -23 + 32.
-100
2 + (-2 - 62) - (-12 + 15) - -18
-47
36 - (63 - (16 + -19))
-30
What is the value of -35 + (-55 - -103 - 52)?
-39
What is the value of 526 - 529 - (-8 - (0 + -35) - (0 + -2))?
-32
Evaluate 34 + -4 + -4 + (-16 - (-32 - 1)).
43
What is (-10 - (-1 + -42) - (2 + 3)) + (45 - 54)?
19
What is -100 + 270 - 22 - 90?
58
What is the value of (101 - 29 - 134) + 105?
43
Calculate -201 + 185 + (-8 - -15) + -9.
-18
Evaluate 0 + 88 + (10 - 104).
-6
(-15 - (19 - 50 - -6)) + -16
-6
-13 + 25 - (-9 - (17 + 9)) - -5
52
(5 + 7 + 49 + (11 - -8) - -6) + 1
87
Calculate -42 + 55 + 0 + -31 + (12 - 18).
-24
What is the value of -31 - -122 - 97 - -17?
11
Evaluate -3 + (-35 - (-28 + 8)) - (-5 + -70).
57
Evaluate 4 - (19 - (-27 - (-5 - -3))).
-40
Evaluate (29 - 98 - -33) + -21.
-57
What is (-18 - (-3 + 8 + 5 - 14)) + -34?
-48
Evaluate -43 + 45 + -22 + 27.
7
Evaluate -47 + 36 - -34 - 4.
19
What is -7 + -26 + 39 + -51 + -95?
-140
Calculate -3 - (-25 + 9 + (22 - 15) + 31).
-25
What is the value of (-89 - -61) + 45 + 13 + 3?
33
-25 - (-49 + 28) - (-38 - 67)
101
31 + (-3 - 5 - -5) + -6 - (-7 + 15)
14
What is (-2 + 13 - (1 + (-8 - -5))) + 5?
18
What is -7 + 18 + (-21 + 19 - 14)?
-5
Calculate (-24 - -2 - (20 + 28 + -81)) + -96.
-85
What is the value of -96 + 93 + (-5 - 40) + 8 + (1 - 6)?
-45
What is -78 + (-9 + 9 - -2 - -21)?
-55
What is (-15 - 2) + (5 - ((-33 - -19) + -17))?
19
-1 + (36 - (-11 + 101))
-55
4 - (0 + 31 + (3 - -3))
-33
What is 17 + -5 + (-15 - -14) + -7 + 4 - -47?
55
Evaluate -4 - ((-9 + 15 - (30 - 24)) + (19 - -1)).
-24
Evaluate -209 - (-22 + (-73 - 39)).
-75
Calculate 34 - (-4 + (24 - ((-13 - -23) + 2))).
26
Calculate 891 + -992 + 44 + 3.
-54
-5 + (-10 + 6 - -17 - (-1 - (-14 - 2)))
-7
What is -10 + -50 - (-466 - -336)?
70
1 - ((-44 - -39 - (3 + -10 + 1)) + 56)
-56
What is (-5 + -97 + -19 - -2) + 14 + 4?
-101
Evaluate 27 + -1 - (44 + (-24 - -25)).
-19
Evaluate (-8499 - -8517) + (-4 - (-2 + (-1 - -1) - 0)).
16
Evaluate (15 + -22 - 33) + (3 - (8 - 4)) + -7.
-48
Evaluate 24 + (-9 - 2) + -11 + 51 - 5.
48
-9 + 11 - 2 - ((14 - 57) + -6)
49
What is the value of 1 + -1 - 31 - (764 - 772)?
-23
Evaluate 59 - (68 - 123 - -45).
69
-31 + 47 + (45 - 99)
-38
Calculate -40 - (6 - (6 - -33)) - 90.
-97
What is the value of -39 + -5 + (439 - 372)?
23
What is -17 + (12 - -29 - 4) - 108?
-88
What is -19 + 10 + -2 + -11 + 46?
24
Calculate (-15 - -7 - (-7 - (-9 + 5)) - 2) + -6.
-13
Calculate (-39 - 13 - -86) + 17.
51
Calculate 66 - (-6 - 33 - (-56 + 27)).
76
Calculate 4 - (-5 + 12 - -4) - 9 - (-8 + -5).
-3
Calculate -1 + -9 + -6 + (45 - 20) + -27.
-18
12 + (-12 - -4) + -111 + 2 + 39 + -30
-96
0 + (0 - -2) - (-3 + (105 - 20 - 7))
-73
-22 + 1 - (155 + -114 + -25)
-37
What is the value of (-3 - -34) + 47 - 45?
33
21 - (-13 - (-22 - (-16 - -2)))
26
Evaluate -19 + (-18 - 55 - -70).
-22
(-1 - -8) + -52 - -55
10
Calculate 1 - 25 - (37 - (-80 + 117)).
-24
What is 81 + (-8 - 28) + -18 - -52?
79
What is 31 + 18 - (-4 + 22 + -10)?
41
Calculate -12 + 69 + -41 - -8.
24
What is the value of -5 + (12 - 0) + -13 - 36?
-42
Evaluate (-103 - -103) + (-20 - (-2 + 9 - (7 + -6))).
-26
What is the value of 84 - (-157 + 132 - (0 - 8) - -26)?
75
Evaluate 64 - (47 - (-2 - -40)).
55
What is 134 + (-14 + (0 - (-2 - 1)) - (177 + -175))?
121
What is the value of 28 - (28 + -11 + -24 + 114)?
-79
(-23 - 4) + 41 + (21 - 52)
-17
What is -39 + 9 + 10 + 50 - 11?
19
48 + (-24 - -13) + -16 - 62
-41
What is the value of -33 + -37 - (38 + -40)?
-68
What is (-1 - -1 - 11) + (575 - 537)?
27
Evaluate (-384 - -151 - -216) + (-30 - (0 + -1)).
-46
-42 + -2 + (0 - 1) + -5 + (-26 - -26)
-50
What is the value of -14 + (18 - (9 - 3)) + -23?
-25
What is the value of -58 - -101 - 3 - -12?
52
What is the value of (-42 - -2) + (-99 - -203) + 37?
101
Evaluate -121 + -27 - (-120 + 107 - (8 + -1)).
-128
-13 + 0 + -39 + 54 + (-48 - 1 - 2)
-49
What is -61 - (125 + -58 - 128)?
0
-8738 - -8697 - (1 - -84)
-126
(8 - (-14 + -3)) + 184 + -108
101
Evaluate (17 - -19) + -30 + (-50 - (3 + -8)).
-39
Calculate (-53 - -1) + (176 - 158) + 0.
-34
What is (-43 - (-39 - 32)) + -14?
14
Calculate 8 + (43 - 43) + 46 + 1 - (30 + -18).
43
What is 87 + -101 + (58 - 34)?
10
36 + -7 + -4 + 4 + -17 + 6 + 21
39
What is (158 + -2 - 76) + 17?
97
What is the value of -24 + -3 + (-965 - -1053)?
61
Calculate 16 - 7 - ((-38 - 1) + 20).
28
Calculate (-153 + 31 - -25) + 12 - (1 + 3 - 2).
-87
18 + 2 + -3 + (-1719 - -1657) + 2 + -15
-58
Evaluate (12 + -21 - 8) + 7 + -7 + -3.
-20
What is 8 + (-19 + 5 - (9 - 7)) - -1?
-7
What is the value of (-4 + 26 + -11 - 9) + 7?
9
What is (3 - -15) + (-4 - 30 - (189 - 216))?
11
397 + -199 + (-66 - 25)
107
What is -47 + (7 - 9 - (-15 - -3)) + (0 - 3)?
-40
-2 + -1 + 2 + (96 - 91) - (-312 + 230)
86
What is -2 - (40 - 7) - 12?
-47
What is 1 - ((-5 - -8 - (4 + -23)) + 33 + -34)?
-20
What is (-52 - (-14 - (2 + 7))) + -1?
-30
Calculate -14 + (-16 + 1 - (-27 - -11)) + 74.
61
Calculate 9 + (-6 - 7) + 15 - ((4 - 6) + 16).
-3
What is the value of 11 - (-1 + -5 + 4) - (-13 + (75 - -46))?
-95
43 - -3 - (952 + -876)
-30
What is (1 - 50 - 2) + (-256 + 143 - -123)?
-41
-20 + 47 + (-66 - 2)
-41
Evaluate ((8 - 11) + -10 + 3 + -4 - -10) + -24.
-28
Evaluate 0 + -71 - (156 - -80 - 239).
-68
What is the value of -10 + (0 - 10 - -6) - (93 + -150)?
43
Calculate -73 - (72 - 65 - (-1 + (-4 - -6 - 0))).
-79
What is the value of 100 + -16 + -185 + 222?
121
-20 - (-51 - -132 - (-5 + 11 + -6))
-101
What is -55 - (7 - 69 - 